{"id":68,"date":"2021-07-03T05:17:53","date_gmt":"2021-07-03T05:17:53","guid":{"rendered":"https:\/\/relativizmus.ku.sk\/old\/?page_id=68"},"modified":"2021-07-09T09:43:03","modified_gmt":"2021-07-09T09:43:03","slug":"konferencia-na-univerzite-v-kutaisi","status":"publish","type":"page","link":"https:\/\/relativizmus.ku.sk\/old\/konferencia-na-univerzite-v-kutaisi\/","title":{"rendered":"konferencia na univerzite v\u00a0Kutaisi"},"content":{"rendered":"\n<p><\/p>\n\n\n\n<figure class=\"wp-block-image size-large is-resized\"><img decoding=\"async\" src=\"https:\/\/relativizmus.ku.sk\/old\/wp-content\/uploads\/2021\/07\/2019_11_Kutaisi_conferece-1-edited.jpg\" alt=\"\" class=\"wp-image-72\" width=\"609\" srcset=\"https:\/\/relativizmus.ku.sk\/old\/wp-content\/uploads\/2021\/07\/2019_11_Kutaisi_conferece-1-edited.jpg 1280w, https:\/\/relativizmus.ku.sk\/old\/wp-content\/uploads\/2021\/07\/2019_11_Kutaisi_conferece-1-edited-300x200.jpg 300w, https:\/\/relativizmus.ku.sk\/old\/wp-content\/uploads\/2021\/07\/2019_11_Kutaisi_conferece-1-edited-1024x682.jpg 1024w, https:\/\/relativizmus.ku.sk\/old\/wp-content\/uploads\/2021\/07\/2019_11_Kutaisi_conferece-1-edited-768x512.jpg 768w, https:\/\/relativizmus.ku.sk\/old\/wp-content\/uploads\/2021\/07\/2019_11_Kutaisi_conferece-1-edited-1200x800.jpg 1200w\" sizes=\"(max-width: 1280px) 100vw, 1280px\" \/><\/figure>\n\n\n\n<p>V&nbsp;d\u0148och 1. a&nbsp;2. 11. 2019&nbsp;sa \u0161tyria vyu\u010duj\u00faci z&nbsp;na\u0161ej Katedry filozofie FF KU v Ru\u017eomberku z\u00fa\u010dastnili na medzin\u00e1rodnej konferencii <em>The Humanities in the Age of Globalization<\/em> na Akaki Tsereteli State University v&nbsp;gruz\u00ednskom Kutaisi. Katol\u00edcka univerzita v Ru\u017eomberku bola spoluorganiz\u00e1torom tejto interdisciplin\u00e1rnej konferencie, na ktorej vyst\u00fapilo okolo 200 odborn\u00edkov z&nbsp;r\u00f4znych kraj\u00edn Eur\u00f3py, Ameriky, Afriky a&nbsp;\u00c1zie. J\u00e1n Hrk\u00fat, Pavol Labuda a&nbsp;Eugen Zele\u0148\u00e1k tu usporiadali (ako aktivitu v&nbsp;r\u00e1mci rie\u0161enia projektu VEGA <em>Pojmov\u00fd relativizmus v&nbsp;s\u00fa\u010dasnej filozofii: vymedzenie, limity a&nbsp;probl\u00e9my<\/em>) \u0161peci\u00e1lny panel s&nbsp;predn\u00e1\u0161kami na r\u00f4zne t\u00e9my t\u00fdkaj\u00face sa problematiky relativizmu. \u0160tvrt\u00fd vyu\u010duj\u00faci z&nbsp;katedry filozofie vystupuj\u00faci na konferencii, Marian Kuna, sa vo svojom pr\u00edspevku venoval aktu\u00e1lnej t\u00e9me nen\u00e1vistn\u00e9ho prejavu.<\/p>\n\n\n\n<p>Konferenciou sme nadviazali na u\u017e existuj\u00facu spolupr\u00e1cu s&nbsp;univerzitou v Kutaisi. V&nbsp;akademickom roku 2018\/2019 sme toti\u017e priv\u00edtali ich profesora literat\u00fary Irakliho Tskhvedianiho na v\u00fdskumnom pobyte a&nbsp;od tohto akademick\u00e9ho roka na\u0161e univerzity spolupracuj\u00fa v&nbsp;r\u00e1mci mobilitn\u00e9ho programu Erasmus+ KA 107. Plodn\u00fa spolupr\u00e1cu sme preh\u013abili i&nbsp;po\u010das konferencie, preto\u017ee v programe bolo tie\u017e podp\u00edsanie memoranda o&nbsp;porozumen\u00ed medzi Filozofickou fakultou KU a&nbsp;Fakultou humanitn\u00fdch vied Akaki Tsereteli State University v&nbsp;Kutaisi. Obe in\u0161tit\u00facie v&nbsp;\u0148om deklaruj\u00fa z\u00e1ujem spolupracova\u0165 v&nbsp;oblasti v\u00fdskumu, mobil\u00edt \u0161tudentov i&nbsp;vyu\u010duj\u00facich.Po\u010das konferencie sme mali \u0161ancu sa stretn\u00fa\u0165 a diskutova\u0165 i&nbsp;s&nbsp;\u010fal\u0161\u00edmi kolegami z&nbsp;Gruz\u00ednska, Rak\u00faska i&nbsp;Spojen\u00fdch \u0161t\u00e1tov. Nezabudnute\u013en\u00e1 bola tie\u017e pohostinnos\u0165 organiz\u00e1torov a&nbsp;entuziazmus, s&nbsp;ktor\u00fdm sa pozeraj\u00fa na na\u0161u bud\u00facu kooper\u00e1ciu.<\/p>\n\n\n\n<figure class=\"wp-block-image size-large\"><img loading=\"lazy\" decoding=\"async\" width=\"1632\" height=\"917\" src=\"https:\/\/relativizmus.ku.sk\/old\/wp-content\/uploads\/2021\/07\/02_kutaisi-edited.jpg\" alt=\"\" class=\"wp-image-71\" srcset=\"https:\/\/relativizmus.ku.sk\/old\/wp-content\/uploads\/2021\/07\/02_kutaisi-edited.jpg 1632w, https:\/\/relativizmus.ku.sk\/old\/wp-content\/uploads\/2021\/07\/02_kutaisi-edited-300x169.jpg 300w, https:\/\/relativizmus.ku.sk\/old\/wp-content\/uploads\/2021\/07\/02_kutaisi-edited-1024x575.jpg 1024w, https:\/\/relativizmus.ku.sk\/old\/wp-content\/uploads\/2021\/07\/02_kutaisi-edited-768x432.jpg 768w, https:\/\/relativizmus.ku.sk\/old\/wp-content\/uploads\/2021\/07\/02_kutaisi-edited-1536x863.jpg 1536w, https:\/\/relativizmus.ku.sk\/old\/wp-content\/uploads\/2021\/07\/02_kutaisi-edited-1200x674.jpg 1200w\" sizes=\"auto, (max-width: 1632px) 100vw, 1632px\" \/><\/figure>\n\n\n\n<p><\/p>\n","protected":false},"excerpt":{"rendered":"<p>V&nbsp;d\u0148och 1. a&nbsp;2. 11. 2019&nbsp;sa \u0161tyria vyu\u010duj\u00faci z&nbsp;na\u0161ej Katedry filozofie FF KU v Ru\u017eomberku z\u00fa\u010dastnili na medzin\u00e1rodnej konferencii The Humanities in the Age of Globalization na Akaki Tsereteli State University v&nbsp;gruz\u00ednskom Kutaisi. Katol\u00edcka univerzita v Ru\u017eomberku bola spoluorganiz\u00e1torom tejto interdisciplin\u00e1rnej konferencie, na ktorej vyst\u00fapilo okolo 200 odborn\u00edkov z&nbsp;r\u00f4znych kraj\u00edn Eur\u00f3py, Ameriky, Afriky a&nbsp;\u00c1zie. J\u00e1n Hrk\u00fat, [&hellip;]<\/p>\n","protected":false},"author":2,"featured_media":0,"parent":0,"menu_order":0,"comment_status":"closed","ping_status":"closed","template":"","meta":{"footnotes":""},"class_list":["post-68","page","type-page","status-publish","hentry"],"_links":{"self":[{"href":"https:\/\/relativizmus.ku.sk\/old\/wp-json\/wp\/v2\/pages\/68","targetHints":{"allow":["GET"]}}],"collection":[{"href":"https:\/\/relativizmus.ku.sk\/old\/wp-json\/wp\/v2\/pages"}],"about":[{"href":"https:\/\/relativizmus.ku.sk\/old\/wp-json\/wp\/v2\/types\/page"}],"author":[{"embeddable":true,"href":"https:\/\/relativizmus.ku.sk\/old\/wp-json\/wp\/v2\/users\/2"}],"replies":[{"embeddable":true,"href":"https:\/\/relativizmus.ku.sk\/old\/wp-json\/wp\/v2\/comments?post=68"}],"version-history":[{"count":2,"href":"https:\/\/relativizmus.ku.sk\/old\/wp-json\/wp\/v2\/pages\/68\/revisions"}],"predecessor-version":[{"id":95,"href":"https:\/\/relativizmus.ku.sk\/old\/wp-json\/wp\/v2\/pages\/68\/revisions\/95"}],"wp:attachment":[{"href":"https:\/\/relativizmus.ku.sk\/old\/wp-json\/wp\/v2\/media?parent=68"}],"curies":[{"name":"wp","href":"https:\/\/api.w.org\/{rel}","templated":true}]}}

<p></p>



<figure class="wp-block-image size-large is-resized"><img decoding="async" src="https://relativizmus.ku.sk/old/wp-content/uploads/2021/07/2019_11_Kutaisi_conferece-1-edited.jpg" alt="" class="wp-image-72" width="609" srcset="https://relativizmus.ku.sk/old/wp-content/uploads/2021/07/2019_11_Kutaisi_conferece-1-edited.jpg 1280w, https://relativizmus.ku.sk/old/wp-content/uploads/2021/07/2019_11_Kutaisi_conferece-1-edited-300x200.jpg 300w, https://relativizmus.ku.sk/old/wp-content/uploads/2021/07/2019_11_Kutaisi_conferece-1-edited-1024x682.jpg 1024w, https://relativizmus.ku.sk/old/wp-content/uploads/2021/07/2019_11_Kutaisi_conferece-1-edited-768x512.jpg 768w, https://relativizmus.ku.sk/old/wp-content/uploads/2021/07/2019_11_Kutaisi_conferece-1-edited-1200x800.jpg 1200w" sizes="(max-width: 1280px) 100vw, 1280px" /></figure>



<p>V&nbsp;dňoch 1. a&nbsp;2. 11. 2019&nbsp;sa štyria vyučujúci z&nbsp;našej Katedry filozofie FF KU v Ružomberku zúčastnili na medzinárodnej konferencii <em>The Humanities in the Age of Globalization</em> na Akaki Tsereteli State University v&nbsp;gruzínskom Kutaisi. Katolícka univerzita v Ružomberku bola spoluorganizátorom tejto interdisciplinárnej konferencie, na ktorej vystúpilo okolo 200 odborníkov z&nbsp;rôznych krajín Európy, Ameriky, Afriky a&nbsp;Ázie. Ján Hrkút, Pavol Labuda a&nbsp;Eugen Zeleňák tu usporiadali (ako aktivitu v&nbsp;rámci riešenia projektu VEGA <em>Pojmový relativizmus v&nbsp;súčasnej filozofii: vymedzenie, limity a&nbsp;problémy</em>) špeciálny panel s&nbsp;prednáškami na rôzne témy týkajúce sa problematiky relativizmu. Štvrtý vyučujúci z&nbsp;katedry filozofie vystupujúci na konferencii, Marian Kuna, sa vo svojom príspevku venoval aktuálnej téme nenávistného prejavu.</p>



<p>Konferenciou sme nadviazali na už existujúcu spoluprácu s&nbsp;univerzitou v Kutaisi. V&nbsp;akademickom roku 2018/2019 sme totiž privítali ich profesora literatúry Irakliho Tskhvedianiho na výskumnom pobyte a&nbsp;od tohto akademického roka naše univerzity spolupracujú v&nbsp;rámci mobilitného programu Erasmus+ KA 107. Plodnú spoluprácu sme prehĺbili i&nbsp;počas konferencie, pretože v programe bolo tiež podpísanie memoranda o&nbsp;porozumení medzi Filozofickou fakultou KU a&nbsp;Fakultou humanitných vied Akaki Tsereteli State University v&nbsp;Kutaisi. Obe inštitúcie v&nbsp;ňom deklarujú záujem spolupracovať v&nbsp;oblasti výskumu, mobilít študentov i&nbsp;vyučujúcich.Počas konferencie sme mali šancu sa stretnúť a diskutovať i&nbsp;s&nbsp;ďalšími kolegami z&nbsp;Gruzínska, Rakúska i&nbsp;Spojených štátov. Nezabudnuteľná bola tiež pohostinnosť organizátorov a&nbsp;entuziazmus, s&nbsp;ktorým sa pozerajú na našu budúcu kooperáciu.</p>



<figure class="wp-block-image size-large"><img loading="lazy" decoding="async" width="1632" height="917" src="https://relativizmus.ku.sk/old/wp-content/uploads/2021/07/02_kutaisi-edited.jpg" alt="" class="wp-image-71" srcset="https://relativizmus.ku.sk/old/wp-content/uploads/2021/07/02_kutaisi-edited.jpg 1632w, https://relativizmus.ku.sk/old/wp-content/uploads/2021/07/02_kutaisi-edited-300x169.jpg 300w, https://relativizmus.ku.sk/old/wp-content/uploads/2021/07/02_kutaisi-edited-1024x575.jpg 1024w, https://relativizmus.ku.sk/old/wp-content/uploads/2021/07/02_kutaisi-edited-768x432.jpg 768w, https://relativizmus.ku.sk/old/wp-content/uploads/2021/07/02_kutaisi-edited-1536x863.jpg 1536w, https://relativizmus.ku.sk/old/wp-content/uploads/2021/07/02_kutaisi-edited-1200x674.jpg 1200w" sizes="auto, (max-width: 1632px) 100vw, 1632px" /></figure>



<p></p>

<p>V&nbsp;dňoch 1. a&nbsp;2. 11. 2019&nbsp;sa štyria vyučujúci z&nbsp;našej Katedry filozofie FF KU v Ružomberku zúčastnili na medzinárodnej konferencii The Humanities in the Age of Globalization na Akaki Tsereteli State University v&nbsp;gruzínskom Kutaisi. Katolícka univerzita v Ružomberku bola spoluorganizátorom tejto interdisciplinárnej konferencie, na ktorej vystúpilo okolo 200 odborníkov z&nbsp;rôznych krajín Európy, Ameriky, Afriky a&nbsp;Ázie. Ján Hrkút, [&hellip;]</p>
